{"id":19,"date":"2019-08-31T20:33:19","date_gmt":"2019-08-31T20:33:19","guid":{"rendered":"http:\/\/www.zitcholupice.cz\/?page_id=19"},"modified":"2025-04-03T08:39:49","modified_gmt":"2025-04-03T08:39:49","slug":"domu","status":"publish","type":"page","link":"https:\/\/www.zitcholupice.cz\/","title":{"rendered":"Dom\u016f"},"content":{"rendered":"\n<div class=\"wp-block-image\"><figure class=\"aligncenter size-large is-resized\"><img loading=\"lazy\" src=\"https:\/\/www.zitcholupice.cz\/wp-content\/uploads\/2020\/07\/Screen-Shot-2020-07-18-at-00.10.10.png\" alt=\"\" class=\"wp-image-310\" width=\"407\" height=\"237\" srcset=\"https:\/\/www.zitcholupice.cz\/wp-content\/uploads\/2020\/07\/Screen-Shot-2020-07-18-at-00.10.10.png 473w, https:\/\/www.zitcholupice.cz\/wp-content\/uploads\/2020\/07\/Screen-Shot-2020-07-18-at-00.10.10-300x175.png 300w\" sizes=\"(max-width: 407px) 100vw, 407px\" \/><\/figure><\/div>\n\n\n<p>V\u00edtejte na webu Sdu\u017een\u00ed pro rozvoj Cholupic.<\/p>\n<p>Sdru\u017een\u00ed bylo ofici\u00e1ln\u011b zalo\u017eeno 10.5.2019.<\/p>\n<p>Smyslem Sdu\u017een\u00ed je zlep\u0161en\u00ed \u017eivotn\u00edch podm\u00ednek v na\u0161\u00ed obci.<\/p>\n<p>V\u00edt\u00e1n je ka\u017ed\u00fd, kdo m\u00e1 trochu \u010dasu a snahu zm\u011bnit \u017eivot v na\u0161\u00ed obci k lep\u0161\u00edmu.<\/p>\n<p><strong>P\u0159edstaven\u00ed\u00a0<\/strong><\/p>\n<p>Jsme men\u0161\u00ed skupina lid\u00ed, kter\u00e1 se ve sv\u00e9m voln\u00e9m \u010dase (bez n\u00e1roku na odm\u011bnu) sna\u017e\u00ed, aby se n\u00e1m v Cholupic\u00edch \u017eilo l\u00e9pe. Jedn\u00e1me s lidmi v obci, s p\u0159edstaviteli M\u010c Praha 12, s vlastn\u00edky pozemk\u016f a sna\u017e\u00edme se naj\u00edt \u0159e\u0161en\u00ed aktu\u00e1ln\u00edch probl\u00e9m\u016f.\u00a0<\/p>\n<p>\u00a0<\/p>","protected":false},"excerpt":{"rendered":"<p>V\u00edtejte na webu Sdu\u017een\u00ed pro rozvoj Cholupic. Sdru\u017een\u00ed bylo ofici\u00e1ln\u011b zalo\u017eeno 10.5.2019. Smyslem Sdu\u017een\u00ed je zlep\u0161en\u00ed \u017eivotn\u00edch podm\u00ednek v na\u0161\u00ed obci. V\u00edt\u00e1n je ka\u017ed\u00fd, kdo m\u00e1 trochu \u010dasu a snahu zm\u011bnit \u017eivot v na\u0161\u00ed obci k lep\u0161\u00edmu. P\u0159edstaven\u00ed\u00a0 Jsme men\u0161\u00ed skupina lid\u00ed, kter\u00e1 se ve sv\u00e9m voln\u00e9m \u010dase (bez n\u00e1roku na odm\u011bnu) sna\u017e\u00ed, aby se &hellip; <\/p>\n<p class=\"link-more\"><a href=\"https:\/\/www.zitcholupice.cz\/\" class=\"more-link\">Pokra\u010dovat ve \u010dten\u00ed<span class=\"screen-reader-text\"> &#8222;Dom\u016f&#8220;<\/span><\/a><\/p>\n","protected":false},"author":2,"featured_media":43,"parent":0,"menu_order":0,"comment_status":"closed","ping_status":"closed","template":"","meta":{"_monsterinsights_skip_tracking":false,"_monsterinsights_sitenote_active":false,"_monsterinsights_sitenote_note":"","_monsterinsights_sitenote_category":0},"_links":{"self":[{"href":"https:\/\/www.zitcholupice.cz\/index.php\/wp-json\/wp\/v2\/pages\/19"}],"collection":[{"href":"https:\/\/www.zitcholupice.cz\/index.php\/wp-json\/wp\/v2\/pages"}],"about":[{"href":"https:\/\/www.zitcholupice.cz\/index.php\/wp-json\/wp\/v2\/types\/page"}],"author":[{"embeddable":true,"href":"https:\/\/www.zitcholupice.cz\/index.php\/wp-json\/wp\/v2\/users\/2"}],"replies":[{"embeddable":true,"href":"https:\/\/www.zitcholupice.cz\/index.php\/wp-json\/wp\/v2\/comments?post=19"}],"version-history":[{"count":11,"href":"https:\/\/www.zitcholupice.cz\/index.php\/wp-json\/wp\/v2\/pages\/19\/revisions"}],"predecessor-version":[{"id":745,"href":"https:\/\/www.zitcholupice.cz\/index.php\/wp-json\/wp\/v2\/pages\/19\/revisions\/745"}],"wp:featuredmedia":[{"embeddable":true,"href":"https:\/\/www.zitcholupice.cz\/index.php\/wp-json\/wp\/v2\/media\/43"}],"wp:attachment":[{"href":"https:\/\/www.zitcholupice.cz\/index.php\/wp-json\/wp\/v2\/media?parent=19"}],"curies":[{"name":"wp","href":"https:\/\/api.w.org\/{rel}","templated":true}]}}

Domů

<div class="wp-block-image"><figure class="aligncenter size-large is-resized"><img loading="lazy" src="https://www.zitcholupice.cz/wp-content/uploads/2020/07/Screen-Shot-2020-07-18-at-00.10.10.png" alt="" class="wp-image-310" width="407" height="237" srcset="https://www.zitcholupice.cz/wp-content/uploads/2020/07/Screen-Shot-2020-07-18-at-00.10.10.png 473w, https://www.zitcholupice.cz/wp-content/uploads/2020/07/Screen-Shot-2020-07-18-at-00.10.10-300x175.png 300w" sizes="(max-width: 407px) 100vw, 407px" /></figure></div>


<p>Vítejte na webu Sdužení pro rozvoj Cholupic.</p>
<p>Sdružení bylo oficiálně založeno 10.5.2019.</p>
<p>Smyslem Sdužení je zlepšení životních podmínek v naší obci.</p>
<p>Vítán je každý, kdo má trochu času a snahu změnit život v naší obci k lepšímu.</p>
<p><strong>Představení </strong></p>
<p>Jsme menší skupina lidí, která se ve svém volném čase (bez nároku na odměnu) snaží, aby se nám v Cholupicích žilo lépe. Jednáme s lidmi v obci, s představiteli MČ Praha 12, s vlastníky pozemků a snažíme se najít řešení aktuálních problémů. </p>
<p> </p>

<p>Vítejte na webu Sdužení pro rozvoj Cholupic. Sdružení bylo oficiálně založeno 10.5.2019. Smyslem Sdužení je zlepšení životních podmínek v naší obci. Vítán je každý, kdo má trochu času a snahu změnit život v naší obci k lepšímu. Představení  Jsme menší skupina lidí, která se ve svém volném čase (bez nároku na odměnu) snaží, aby se &hellip; </p>
<p class="link-more"><a href="https://www.zitcholupice.cz/" class="more-link">Pokračovat ve čtení<span class="screen-reader-text"> &#8222;Domů&#8220;</span></a></p>
