{"id":77,"date":"2019-08-31T23:12:36","date_gmt":"2019-08-31T23:12:36","guid":{"rendered":"http:\/\/www.zitcholupice.cz\/?page_id=77"},"modified":"2023-06-02T14:09:51","modified_gmt":"2023-06-02T14:09:51","slug":"dokumenty","status":"publish","type":"page","link":"https:\/\/www.zitcholupice.cz\/index.php\/dokumenty\/","title":{"rendered":"Kontakt"},"content":{"rendered":"\n<p>Pokud se chcete st\u00e1t \u010dlenem Sdu\u017een\u00ed pro rozvoj Cholupic sta\u010d\u00ed si p\u0159e\u010d\u00edst <a href=\"http:\/\/www.zitcholupice.cz\/wp-content\/uploads\/2019\/08\/Stanovy.pdf\">stanovy<\/a> a zaslat vypln\u011bnou &nbsp;<strong><a href=\"http:\/\/www.zitcholupice.cz\/wp-content\/uploads\/2020\/08\/P\u0159ihl\u00e1\u0161ka-k-\u010dlenstv\u00ed-a.pdf\">p\u0159ihl\u00e1\u0161ku k \u010dlenstv\u00ed&nbsp;<\/a><\/strong>s t\u00edm co byste r\u00e1di v obci zlep\u0161ili nebo s \u010d\u00edm byste r\u00e1di pomohli na e-mail<\/p>\n\n\n\n<p><strong>sdruzeniprorozvojcholupic@gmail.com<\/strong><\/p>\n\n\n\n<p>R\u00e1di v\u00e1s uv\u00edt\u00e1me mezi na\u0161imi \u010dleny:<\/p>\n\n\n\n<p><strong>Zakl\u00e1daj\u00edc\u00ed \u010dlenov\u00e9<\/strong><\/p>\n\n\n\n<ul><li>Monika Kuncov\u00e1<\/li><li>Lucie \u0160m\u00eddlov\u00e1<\/li><li>Mark\u00e9ta Burdov\u00e1<\/li><\/ul>\n\n\n\n<p><strong>\u010clenov\u00e9<\/strong><\/p>\n\n\n\n<ul><li>Lucie Sokolov\u00e1<\/li><li>Martina Tup\u00e1<\/li><li>Kamil Mac\u00e1k<\/li><li>Kate\u0159ina Hanzl\u00edkov\u00e1<\/li><li>Lucie Kram\u00e1rov\u00e1 Zahorcov\u00e1<\/li><\/ul>\n","protected":false},"excerpt":{"rendered":"<p>Pokud se chcete st\u00e1t \u010dlenem Sdu\u017een\u00ed pro rozvoj Cholupic sta\u010d\u00ed si p\u0159e\u010d\u00edst stanovy a zaslat vypln\u011bnou &nbsp;p\u0159ihl\u00e1\u0161ku k \u010dlenstv\u00ed&nbsp;s t\u00edm co byste r\u00e1di v obci zlep\u0161ili nebo s \u010d\u00edm byste r\u00e1di pomohli na e-mail sdruzeniprorozvojcholupic@gmail.com R\u00e1di v\u00e1s uv\u00edt\u00e1me mezi na\u0161imi \u010dleny: Zakl\u00e1daj\u00edc\u00ed \u010dlenov\u00e9 Monika Kuncov\u00e1 Lucie \u0160m\u00eddlov\u00e1 Mark\u00e9ta Burdov\u00e1 \u010clenov\u00e9 Lucie Sokolov\u00e1 Martina Tup\u00e1 Kamil &hellip; <\/p>\n<p class=\"link-more\"><a href=\"https:\/\/www.zitcholupice.cz\/index.php\/dokumenty\/\" class=\"more-link\">Pokra\u010dovat ve \u010dten\u00ed<span class=\"screen-reader-text\"> &#8222;Kontakt&#8220;<\/span><\/a><\/p>\n","protected":false},"author":2,"featured_media":0,"parent":0,"menu_order":0,"comment_status":"closed","ping_status":"closed","template":"","meta":{"_monsterinsights_skip_tracking":false,"_monsterinsights_sitenote_active":false,"_monsterinsights_sitenote_note":"","_monsterinsights_sitenote_category":0},"_links":{"self":[{"href":"https:\/\/www.zitcholupice.cz\/index.php\/wp-json\/wp\/v2\/pages\/77"}],"collection":[{"href":"https:\/\/www.zitcholupice.cz\/index.php\/wp-json\/wp\/v2\/pages"}],"about":[{"href":"https:\/\/www.zitcholupice.cz\/index.php\/wp-json\/wp\/v2\/types\/page"}],"author":[{"embeddable":true,"href":"https:\/\/www.zitcholupice.cz\/index.php\/wp-json\/wp\/v2\/users\/2"}],"replies":[{"embeddable":true,"href":"https:\/\/www.zitcholupice.cz\/index.php\/wp-json\/wp\/v2\/comments?post=77"}],"version-history":[{"count":12,"href":"https:\/\/www.zitcholupice.cz\/index.php\/wp-json\/wp\/v2\/pages\/77\/revisions"}],"predecessor-version":[{"id":594,"href":"https:\/\/www.zitcholupice.cz\/index.php\/wp-json\/wp\/v2\/pages\/77\/revisions\/594"}],"wp:attachment":[{"href":"https:\/\/www.zitcholupice.cz\/index.php\/wp-json\/wp\/v2\/media?parent=77"}],"curies":[{"name":"wp","href":"https:\/\/api.w.org\/{rel}","templated":true}]}}